{"version":"1.0","provider_name":"Pihe P\u00e1holy","provider_url":"https:\/\/pihe.cafeblog.hu","author_name":"Ditti","author_url":"https:\/\/pihe.cafeblog.hu\/author\/ditti-vargagmail-com\/","title":"Bagolyk\u00e1s \u00e1lomfog\u00f3","html":"Gyerekszob\u00e1ba k\u00e9sz\u00fclt ez az alv\u00f3 bagolyk\u00e1s \u00e1lomfog\u00f3. \u00a0A kicsi baglyot filcb\u0151l varrtam, a karik\u00e1kat selyemszalaggal vontam be. A h\u00e1l\u00f3ban n\u00e9h\u00e1ny gy\u00f6ngy- harmatcsepp csillan.\r\n\r\n<a href=\"https:\/\/pihe.cafeblog.hu\/files\/2014\/05\/DSCN3431.jpg\"><img class=\"aligncenter wp-image-305 size-large\" src=\"https:\/\/pihe.cafeblog.hu\/files\/2014\/05\/DSCN3431-347x600.jpg\" alt=\"DSCN3431\" width=\"347\" height=\"600\" \/><\/a>\r\n\r\n&nbsp;\r\n\r\n&nbsp;\r\n\r\n&nbsp;","type":"rich"}

Pihe Páholy

Bagolykás álomfogó

Gyerekszobába készült ez az alvó bagolykás álomfogó.  A kicsi baglyot filcből varrtam, a karikákat selyemszalaggal vontam be. A hálóban néhány gyöngy- harmatcsepp csillan.

<a href="https://pihe.cafeblog.hu/files/2014/05/DSCN3431.jpg"><img class="aligncenter wp-image-305 size-large" src="https://pihe.cafeblog.hu/files/2014/05/DSCN3431-347x600.jpg" alt="DSCN3431" width="347" height="600" /></a>

&nbsp;

&nbsp;

&nbsp;
